base 9, what is -45761581 + -2?
-45761583
In base 7, what is 22 - 1104311?
-1104256
In base 11, what is 2a10 + -a68?
1a53
In base 10, what is -5 + 201395318?
201395313
In base 3, what is -12 - 11221220120102?
-11221220120121
In base 12, what is 264a6 + -80?
26426
In base 4, what is -2111030332303 - 2?
-2111030332311
In base 5, what is -10030201021 - 40?
-10030201111
In base 15, what is -37 - -68508?
684c1
In base 12, what is 1480 + 15650?
16b10
In base 9, what is 257541 + -400?
257141
In base 6, what is -35241021 - 55?
-35241120
In base 2, what is -100010100010000000 + -10010100111?
-100010110100100111
In base 16, what is 7 - 10b8ff6?
-10b8fef
In base 8, what is 3507 - -32517?
36226
In base 7, what is 1015 - -226520?
230535
In base 4, what is 23030121000 - -102?
23030121102
In base 3, what is 20 + 2022022000111?
2022022000201
In base 9, what is -338317 + -5?
-338323
In base 6, what is 40445 + 135000?
215445
In base 7, what is -21624340 - -324?
-21624013
In base 16, what is 64337a - a?
643370
In base 4, what is -100323230 - 23300?
-101013130
In base 7, what is 41 - -2616?
2660
In base 12, what is a + 165bb59?
165bb67
In base 2, what is 11011101101110 + -11001010110?
11000100011000
In base 9, what is -12127060 - -1?
-12127058
In base 5, what is 21 - 10310102?
-10310031
In base 11, what is -2719a48 + -3?
-2719a50
In base 5, what is 34143 - -23201?
112344
In base 10, what is 3218110 - 0?
3218110
In base 15, what is -62 - -195060?
194eed
In base 10, what is -4 + -3735838?
-3735842
In base 14, what is 118 + 24a6a5?
24a7bd
In base 14, what is -585c + 4a?
-5812
In base 5, what is -3441122 + 13110?
-3423012
In base 2, what is -1011001001101 + -11010010000?
-1110011011101
In base 15, what is a884628 + -5?
a884623
In base 3, what is -10 + 202201221201021022?
202201221201021012
In base 6, what is -3040041 - -341?
-3035300
In base 7, what is 161 + 24260?
24451
In base 9, what is -282470 - 4278?
-286758
In base 12, what is -1a515 + a9?
-1a428
In base 3, what is -22000212210 - -11220?
-22000200220
In base 5, what is 2230231431 - 1?
2230231430
In base 4, what is 2130330332 + 323?
2130331321
In base 10, what is 854211 + 14?
854225
In base 4, what is 333 - 20131310312?
-20131303313
In base 7, what is 114004 + -536?
113135
In base 5, what is 142 + 33110344?
33111041
In base 10, what is 28549 - -752?
29301
In base 2, what is -101 + -10101001100010100001010011?
-10101001100010100001011000
In base 16, what is 3452e - f?
3451f
In base 12, what is -7549967 + -10?
-7549977
In base 7, what is -22043540 + 2206?
-22041331
In base 6, what is 1 + -203440550?
-203440545
In base 5, what is -232204 + -10314?
-243023
In base 7, what is -20 - 310401345?
-310401365
In base 11, what is 781952 - 2a?
781923
In base 12, what is 367b9 - 2b17?
338a2
In base 15, what is -1 - -2dba44?
2dba43
In base 15, what is 6a + b48?
bb3
In base 4, what is -2 - -321013213231?
321013213223
In base 13, what is 61 + -29ba2?
-29b41
In base 3, what is 200 + -11100110012100?
-11100110011200
In base 5, what is 1134433344 - -3304?
1134442203
In base 13, what is -842 + -10767?
-112a9
In base 3, what is 2220 + -10100000212?
-10022220222
In base 11, what is 4454833 - -2?
4454835
In base 8, what is -7245110444 + -3?
-7245110447
In base 16, what is -39e83 + 6e?
-39e15
In base 4, what is -3332003313020 + 0?
-3332003313020
In base 3, what is 2101202221202122 - 2?
2101202221202120
In base 16, what is 9fd + -f3d0?
-e9d3
In base 2, what is -11110110110110101100 + 110?
-11110110110110100110
In base 14, what is -b6b789 - 21?
-b6b7aa
In base 5, what is -13304034410031 + -10?
-13304034410041
In base 8, what is 706427 - 553?
705654
In base 12, what is 4493 - 30b?
4184
In base 4, what is -2 + 11131213002022?
11131213002020
In base 13, what is 185 + ba38?
bbc0
In base 7, what is 4 + 202306312?
202306316
In base 15, what is -2b07c - 193?
-2b220
In base 5, what is 120 - -1230213213?
1230213333
In base 5, what is 14 - -122213400?
122213414
In base 14, what is 34a7 + -91a?
298b
In base 10, what is 4 + 80630153?
80630157
In base 7, what is 1361005054 + -2?
1361005052
In base 9, what is 366484743 - -1?
366484744
In base 4, what is 10 + 1122101222?
1122101232
In base 11, what is 2 + -52184414?
-52184412
In base 15, what is 5 - -161c113?
161c118
In base 12, what is -1864 + 319?
-1547
In base 8, what is -32 + -2422056?
-2422110
In base 8, what is 553 + -65145?
-64372
In base 3, what is 12 + 221011011111?
221011011200
In base 14, what is 4b40b - 69?
4b382
In base 5, what is 2210043 - 3220?
2201323
In base 7, what is 431363 - -1166?
432562
In base 9, what is -1783 - -21132?
18238
In base 5, what is 1 - -1011140343?
1011140344
In base 10, what is 23 - 4257546?
-4257523
In base 12, what is -a6b91a0 + 1?
-a6b919b
In base 3, what is -110122122202 + -122?
-110122200101
In base 13, what is -79 - -4c0ab7?
4c0a3b
In base 9, what is 60 + 334874?
335044
In base 11, what is -1 - -1a83a455?
1a83a454
In base 5, what is 102 + -2302321?
-2302214
In base 6, what is 10 + 13250122?
13250132
In base 11, what is -2095748 + -5?
-2095752
In base 9, what is -17 + 68323?
68305
In base 12, what is 1155b6a8 - -13?
1155b6bb
In base 11, what is -60583076 - 8?
-60583083
In base 15, what is -169cbad4 - -4?
-169cbad0
In base 7, what is -1106336 + 3?
-1106333
In base 4, what is 23213002 + -223133?
22323203
In base 2, what is 1010100000110001101000101 + -1100?
1010100000110001100111001
In base 10, what is 8 + -9612297?
-9612289
In base 9, what is -58814 + 6804?
-52010
In base 14, what is -c569bcd9 + -5?
-c569bd00
In base 8, what is 26340150 - 3?
26340145
In base 12, what is 108b551 + 2a?
108b57b
In base 12, what is -29 + 57b59?
57b30
In base 6, what is 1222 + -35220444?
-35215222
In base 5, what is 244 + -3222244?
-3222000
In base 13, what is -97144b43 + -5?
-97144b48
In base 9, what is 71646245 + -30?
71646215
In base 3, what is -10102101222 - 221111120?
-11100220112
In base 4, what is 33123102031 - 123?
33123101302
In base 15, what is -2a9c7d6 + 5?
-2a9c7d1
In base 9, what is 5340 + 851?
6301
In base 10, what is -3 + -2270544?
-2270547
In base 9, what is -656 + -225?
-882
In base 15, what is 798e + -a7?
78d7
In base 4, what is 300 + 223333231?
230000131
In base 6, what is -200523425 + 415?
-200523010
In base 13, what is b99806 + 10?
b99816
In base 2, what is 10101000110 - -11111111111000?
100010100111110
In base 7, what is 4432011603 + 0?
4432011603
In base 12, what is 131a0a207 + 1?
131a0a208
In base 9, what is 5 - 40077868?
-40077863
In base 3, what is -2011022011022 - -20?
-2011022011002
In base 13, what is -b9c12 + 2132?
-b7ab0
In base 8, what is 16301 + -72647?
-54346
In base 13, what is -7bb3 - -445?
-776b
In base 12, what is -13 + -5221bb5?
-5222008
In base 12, what is 6b09aa58 - -1?
6b09aa59
In base 9, what is -111 - 4717211?
-4717322
In base 9, what is -1152 + 10205?
8043
In base 7, what is -252323 + -103?
-252426
In base 3, what is -12000112222 + -2220?
-12000122212
In base 10, what is -141162009 + 1?
-141162008
In base 16, what is -37d - 5501?
-587e
In base 12, what is -18961 + -187?
-18b28
In base 5, what is -1433130 - -144?
-1432431
In base 4, what is -133313 + 100031?
-33222
In base 5, what is 2044 + 24413?
32012
In base 15, what is -a193a5a - 6?
-a193a61
In base 4, what is -131 - -1002212213122?
1002212212331
In base 12, what is -53a5 + 140a?
-3b97
In base 16, what is 0 - 11e2019?
-11e2019
In base 3, what is 1022221122210101000 + 2?
1022221122210101002
In base 2, what is 101 - 1100101110101100111001010110?
-1100101110101100111001010001
In base 7, what is 3424353 - -361?
3425044
In base 5, what is -2 - 41212142221?
-41212142223
In base 15, what is -36dedce - -1?
-36dedcd
In base 13, what is 3a61908 + 4?
3a6190c
In base 15, what is -3 - -256874?
256871
In base 15, what is 1 - 1b9531?
-1b9530
In base 5, what is 410 + -12132222?
-12131312
In base 11, what is 748 + -2777?
-202a
In base 16, what is -eaf + d8?
-dd7
In base 13, what is 890b617 - 2?
890b615
In base 14, what is 2521 + -2190?
371
In base 4, what is -120333010323 + 13?
-120333010310
In base 2, what is -1 + -11001111101100110111000?
-11001111101100110111001
In base 5, what is 201121 - -2113?
203234
In base 10, what is 25 - 280052?
-280027
In base 11, what is 66 + -13?
53
In base 3, what is -